{"id":1365,"date":"2026-03-03T13:25:45","date_gmt":"2026-03-03T13:25:45","guid":{"rendered":"https:\/\/aviacion.mil.ve\/?page_id=1365"},"modified":"2026-08-27T15:02:43","modified_gmt":"2026-08-27T15:02:43","slug":"noticia-amb","status":"publish","type":"page","link":"https:\/\/aviacion.mil.ve\/index.php\/noticia-amb\/","title":{"rendered":"NOTICIA AMB PRESIDENCIAL"},"content":{"rendered":"\t\t<div data-elementor-type=\"wp-page\" data-elementor-id=\"1365\" class=\"elementor elementor-1365\" data-elementor-post-type=\"page\">\n\t\t\t\t<div class=\"elementor-element elementor-element-f94a0f6 e-con-full e-flex e-con e-parent\" data-id=\"f94a0f6\" data-element_type=\"container\" data-e-type=\"container\">\n\t\t\t\t<div class=\"elementor-element elementor-element-81441f6 elementor-widget elementor-widget-image\" data-id=\"81441f6\" data-element_type=\"widget\" data-e-type=\"widget\" data-widget_type=\"image.default\">\n\t\t\t\t\t\t\t\t\t\t\t\t\t\t\t<img fetchpriority=\"high\" decoding=\"async\" width=\"2048\" height=\"1365\" src=\"https:\/\/aviacion.mil.ve\/wp-content\/uploads\/2026\/08\/Aimg-prin32887-2048x1365.png\" class=\"attachment-2048x2048 size-2048x2048 wp-image-3561\" alt=\"\" srcset=\"https:\/\/aviacion.mil.ve\/wp-content\/uploads\/2026\/08\/Aimg-prin32887-2048x1365.png 2048w, https:\/\/aviacion.mil.ve\/wp-content\/uploads\/2026\/08\/Aimg-prin32887-300x200.png 300w, https:\/\/aviacion.mil.ve\/wp-content\/uploads\/2026\/08\/Aimg-prin32887-1024x682.png 1024w, https:\/\/aviacion.mil.ve\/wp-content\/uploads\/2026\/08\/Aimg-prin32887-768x512.png 768w, https:\/\/aviacion.mil.ve\/wp-content\/uploads\/2026\/08\/Aimg-prin32887-1536x1024.png 1536w\" sizes=\"(max-width: 2048px) 100vw, 2048px\" \/>\t\t\t\t\t\t\t\t\t\t\t\t\t\t\t<\/div>\n\t\t\t\t<\/div>\n\t\t<div class=\"elementor-element elementor-element-a824fb1 e-flex e-con-boxed e-con e-parent\" data-id=\"a824fb1\" data-element_type=\"container\" data-e-type=\"container\">\n\t\t\t\t\t<div class=\"e-con-inner\">\n\t\t\t\t<div class=\"elementor-element elementor-element-2de1ed3 elementor-widget elementor-widget-text-editor\" data-id=\"2de1ed3\" data-element_type=\"widget\" data-e-type=\"widget\" data-widget_type=\"text-editor.default\">\n\t\t\t\t\t\t\t\t\t<h1 class=\"Head_Noti_Princ\">Jefa (E) del Ejecutivo lider\u00f3 Consejo de Ministros<\/h1>\t\t\t\t\t\t\t\t<\/div>\n\t\t\t\t\t<\/div>\n\t\t\t\t<\/div>\n\t\t<div class=\"elementor-element elementor-element-743f2b2 e-flex e-con-boxed e-con e-parent\" data-id=\"743f2b2\" data-element_type=\"container\" data-e-type=\"container\">\n\t\t\t\t\t<div class=\"e-con-inner\">\n\t\t\t\t<div class=\"elementor-element elementor-element-97192a1 elementor-widget elementor-widget-text-editor\" data-id=\"97192a1\" data-element_type=\"widget\" data-e-type=\"widget\" data-widget_type=\"text-editor.default\">\n\t\t\t\t\t\t\t\t\t<p style=\"text-align: justify; text-justify: inter-ideograph;\" align=\"justify\"><b><span style=\"font-family: Arial;\">Caracas, 27 agosto de 2026\u2013 Desde el Palacio de Miraflores, en Caracas, la presidenta Encargada de la Rep\u00fablica Bolivariana de Venezuela, Delcy Rodr\u00edguez, encabez\u00f3 el Consejo de Ministros, con el prop\u00f3sito de revisar el balance de gesti\u00f3n y la atenci\u00f3n a las familias afectadas a dos meses del doble terremoto del pasado 24 de junio.<br \/><br \/>Durante el encuentro que se realiz\u00f3 la tarde del mi\u00e9rcoles 26 de agosto, la Mandataria (E) subray\u00f3 que todas las acciones del Gobierno Nacional son para mantener la estabilidad y crecimiento econ\u00f3mico del pa\u00eds.<br \/><br \/>En ese contexto, record\u00f3 que, entre las medidas tomadas para el desarrollo de la naci\u00f3n, la seguridad, la inversi\u00f3n social, la paz y el bienestar de la poblaci\u00f3n, se encuentran:<br \/><br \/>-Plan de Protecci\u00f3n Habitacional: Meta de 4 mil viviendas para este 2026.<br \/>-377 nuevas viviendas ya entregadas.<br \/>-Instalaci\u00f3n inicial de m\u00e1s de 100 campamentos transitorios y la habilitaci\u00f3n de espacios temporales en el Poliedro de Caracas y el Estadio Monumental.<br \/>-M\u00e1s de 13 mil edificaciones intervenidas a trav\u00e9s del Plan Venezuela Renace, beneficiando a 66 mil personas.<br \/>-Asignaci\u00f3n de cr\u00e9ditos a juntas de condominio y propietarios, sumado a planes de adquisici\u00f3n en el mercado secundario.<br \/>-Segunda Consulta Popular Nacional el 18 de octubre.<br \/>-Eliminaci\u00f3n de alcabalas policiales en las ciudades para dar paso a un sistema de patrullaje inteligente.<br \/>-Simplificaci\u00f3n de tr\u00e1mites y el desarrollo de servicios digitales.<br \/><\/span><\/b><\/p><p>\u00a0<\/p>\t\t\t\t\t\t\t\t<\/div>\n\t\t\t\t\t<\/div>\n\t\t\t\t<\/div>\n\t\t\t\t<\/div>\n\t\t","protected":false},"excerpt":{"rendered":"<p>Jefa (E) del Ejecutivo lider\u00f3 Consejo de Ministros Caracas, 27 agosto de 2026\u2013 Desde el Palacio de Miraflores, en Caracas, [&hellip;]<\/p>\n","protected":false},"author":1,"featured_media":0,"parent":0,"menu_order":0,"comment_status":"closed","ping_status":"closed","template":"","meta":{"site-sidebar-layout":"no-sidebar","site-content-layout":"","ast-site-content-layout":"full-width-container","site-content-style":"default","site-sidebar-style":"default","ast-global-header-display":"","ast-banner-title-visibility":"","ast-main-header-display":"","ast-hfb-above-header-display":"","ast-hfb-below-header-display":"","ast-hfb-mobile-header-display":"","site-post-title":"disabled","ast-breadcrumbs-content":"","ast-featured-img":"disabled","footer-sml-layout":"","ast-disable-related-posts":"","theme-transparent-header-meta":"","adv-header-id-meta":"","stick-header-meta":"","header-above-stick-meta":"","header-main-stick-meta":"","header-below-stick-meta":"","astra-migrate-meta-layouts":"default","ast-page-background-enabled":"default","ast-page-background-meta":{"desktop":{"background-color":"var(--ast-global-color-5)","background-image":"","background-repeat":"repeat","background-position":"center center","background-size":"auto","background-attachment":"scroll","background-type":"","background-media":"","overlay-type":"","overlay-color":"","overlay-opacity":"","overlay-gradient":""},"tablet":{"background-color":"","background-image":"","background-repeat":"repeat","background-position":"center center","background-size":"auto","background-attachment":"scroll","background-type":"","background-media":"","overlay-type":"","overlay-color":"","overlay-opacity":"","overlay-gradient":""},"mobile":{"background-color":"","background-image":"","background-repeat":"repeat","background-position":"center center","background-size":"auto","background-attachment":"scroll","background-type":"","background-media":"","overlay-type":"","overlay-color":"","overlay-opacity":"","overlay-gradient":""}},"ast-content-background-meta":{"desktop":{"background-color":"var(--ast-global-color-4)","background-image":"","background-repeat":"repeat","background-position":"center center","background-size":"auto","background-attachment":"scroll","background-type":"","background-media":"","overlay-type":"","overlay-color":"","overlay-opacity":"","overlay-gradient":""},"tablet":{"background-color":"var(--ast-global-color-4)","background-image":"","background-repeat":"repeat","background-position":"center center","background-size":"auto","background-attachment":"scroll","background-type":"","background-media":"","overlay-type":"","overlay-color":"","overlay-opacity":"","overlay-gradient":""},"mobile":{"background-color":"var(--ast-global-color-4)","background-image":"","background-repeat":"repeat","background-position":"center center","background-size":"auto","background-attachment":"scroll","background-type":"","background-media":"","overlay-type":"","overlay-color":"","overlay-opacity":"","overlay-gradient":""}},"_themeisle_gutenberg_block_has_review":false,"footnotes":""},"class_list":["post-1365","page","type-page","status-publish","hentry"],"_links":{"self":[{"href":"https:\/\/aviacion.mil.ve\/index.php\/wp-json\/wp\/v2\/pages\/1365","targetHints":{"allow":["GET"]}}],"collection":[{"href":"https:\/\/aviacion.mil.ve\/index.php\/wp-json\/wp\/v2\/pages"}],"about":[{"href":"https:\/\/aviacion.mil.ve\/index.php\/wp-json\/wp\/v2\/types\/page"}],"author":[{"embeddable":true,"href":"https:\/\/aviacion.mil.ve\/index.php\/wp-json\/wp\/v2\/users\/1"}],"replies":[{"embeddable":true,"href":"https:\/\/aviacion.mil.ve\/index.php\/wp-json\/wp\/v2\/comments?post=1365"}],"version-history":[{"count":74,"href":"https:\/\/aviacion.mil.ve\/index.php\/wp-json\/wp\/v2\/pages\/1365\/revisions"}],"predecessor-version":[{"id":3567,"href":"https:\/\/aviacion.mil.ve\/index.php\/wp-json\/wp\/v2\/pages\/1365\/revisions\/3567"}],"wp:attachment":[{"href":"https:\/\/aviacion.mil.ve\/index.php\/wp-json\/wp\/v2\/media?parent=1365"}],"curies":[{"name":"wp","href":"https:\/\/api.w.org\/{rel}","templated":true}]}}

<div data-elementor-type="wp-page" data-elementor-id="1365" class="elementor elementor-1365" data-elementor-post-type="page">
				<div class="elementor-element elementor-element-f94a0f6 e-con-full e-flex e-con e-parent" data-id="f94a0f6" data-element_type="container" data-e-type="container">
				<div class="elementor-element elementor-element-81441f6 elementor-widget elementor-widget-image" data-id="81441f6" data-element_type="widget" data-e-type="widget" data-widget_type="image.default">
															<img fetchpriority="high" decoding="async" width="2048" height="1365" src="https://aviacion.mil.ve/wp-content/uploads/2026/08/Aimg-prin32887-2048x1365.png" class="attachment-2048x2048 size-2048x2048 wp-image-3561" alt="" srcset="https://aviacion.mil.ve/wp-content/uploads/2026/08/Aimg-prin32887-2048x1365.png 2048w, https://aviacion.mil.ve/wp-content/uploads/2026/08/Aimg-prin32887-300x200.png 300w, https://aviacion.mil.ve/wp-content/uploads/2026/08/Aimg-prin32887-1024x682.png 1024w, https://aviacion.mil.ve/wp-content/uploads/2026/08/Aimg-prin32887-768x512.png 768w, https://aviacion.mil.ve/wp-content/uploads/2026/08/Aimg-prin32887-1536x1024.png 1536w" sizes="(max-width: 2048px) 100vw, 2048px" />															</div>
				</div>
		<div class="elementor-element elementor-element-a824fb1 e-flex e-con-boxed e-con e-parent" data-id="a824fb1" data-element_type="container" data-e-type="container">
					<div class="e-con-inner">
				<div class="elementor-element elementor-element-2de1ed3 elementor-widget elementor-widget-text-editor" data-id="2de1ed3" data-element_type="widget" data-e-type="widget" data-widget_type="text-editor.default">
									<h1 class="Head_Noti_Princ">Jefa (E) del Ejecutivo lideró Consejo de Ministros</h1>								</div>
					</div>
				</div>
		<div class="elementor-element elementor-element-743f2b2 e-flex e-con-boxed e-con e-parent" data-id="743f2b2" data-element_type="container" data-e-type="container">
					<div class="e-con-inner">
				<div class="elementor-element elementor-element-97192a1 elementor-widget elementor-widget-text-editor" data-id="97192a1" data-element_type="widget" data-e-type="widget" data-widget_type="text-editor.default">
									<p style="text-align: justify; text-justify: inter-ideograph;" align="justify"><b><span style="font-family: Arial;">Caracas, 27 agosto de 2026– Desde el Palacio de Miraflores, en Caracas, la presidenta Encargada de la República Bolivariana de Venezuela, Delcy Rodríguez, encabezó el Consejo de Ministros, con el propósito de revisar el balance de gestión y la atención a las familias afectadas a dos meses del doble terremoto del pasado 24 de junio.<br /><br />Durante el encuentro que se realizó la tarde del miércoles 26 de agosto, la Mandataria (E) subrayó que todas las acciones del Gobierno Nacional son para mantener la estabilidad y crecimiento económico del país.<br /><br />En ese contexto, recordó que, entre las medidas tomadas para el desarrollo de la nación, la seguridad, la inversión social, la paz y el bienestar de la población, se encuentran:<br /><br />-Plan de Protección Habitacional: Meta de 4 mil viviendas para este 2026.<br />-377 nuevas viviendas ya entregadas.<br />-Instalación inicial de más de 100 campamentos transitorios y la habilitación de espacios temporales en el Poliedro de Caracas y el Estadio Monumental.<br />-Más de 13 mil edificaciones intervenidas a través del Plan Venezuela Renace, beneficiando a 66 mil personas.<br />-Asignación de créditos a juntas de condominio y propietarios, sumado a planes de adquisición en el mercado secundario.<br />-Segunda Consulta Popular Nacional el 18 de octubre.<br />-Eliminación de alcabalas policiales en las ciudades para dar paso a un sistema de patrullaje inteligente.<br />-Simplificación de trámites y el desarrollo de servicios digitales.<br /></span></b></p><p> </p>								</div>
					</div>
				</div>
				</div>

<p>Jefa (E) del Ejecutivo lideró Consejo de Ministros Caracas, 27 agosto de 2026– Desde el Palacio de Miraflores, en Caracas, [&hellip;]</p>
