{"id":1389,"date":"2026-03-03T13:34:47","date_gmt":"2026-03-03T13:34:47","guid":{"rendered":"https:\/\/aviacion.mil.ve\/?page_id=1389"},"modified":"2026-08-27T15:04:51","modified_gmt":"2026-08-27T15:04:51","slug":"noticia-amb-3","status":"publish","type":"page","link":"https:\/\/aviacion.mil.ve\/index.php\/noticia-amb-3\/","title":{"rendered":"NOTICIA AMB 1"},"content":{"rendered":"\t\t<div data-elementor-type=\"wp-page\" data-elementor-id=\"1389\" class=\"elementor elementor-1389\" data-elementor-post-type=\"page\">\n\t\t\t\t<div class=\"elementor-element elementor-element-c4a1185 e-flex e-con-boxed e-con e-parent\" data-id=\"c4a1185\" data-element_type=\"container\" data-e-type=\"container\">\n\t\t\t\t\t<div class=\"e-con-inner\">\n\t\t\t\t<div class=\"elementor-element elementor-element-04b7788 elementor-widget elementor-widget-image\" data-id=\"04b7788\" data-element_type=\"widget\" data-e-type=\"widget\" data-widget_type=\"image.default\">\n\t\t\t\t\t\t\t\t\t\t\t\t\t\t\t<img fetchpriority=\"high\" decoding=\"async\" width=\"1024\" height=\"771\" src=\"https:\/\/aviacion.mil.ve\/wp-content\/uploads\/2026\/08\/photo_4936224085759430434_y-1024x771.jpg\" class=\"attachment-large size-large wp-image-3545\" alt=\"\" srcset=\"https:\/\/aviacion.mil.ve\/wp-content\/uploads\/2026\/08\/photo_4936224085759430434_y-1024x771.jpg 1024w, https:\/\/aviacion.mil.ve\/wp-content\/uploads\/2026\/08\/photo_4936224085759430434_y-300x226.jpg 300w, https:\/\/aviacion.mil.ve\/wp-content\/uploads\/2026\/08\/photo_4936224085759430434_y-768x578.jpg 768w, https:\/\/aviacion.mil.ve\/wp-content\/uploads\/2026\/08\/photo_4936224085759430434_y.jpg 1280w\" sizes=\"(max-width: 1024px) 100vw, 1024px\" \/>\t\t\t\t\t\t\t\t\t\t\t\t\t\t\t<\/div>\n\t\t\t\t\t<\/div>\n\t\t\t\t<\/div>\n\t\t<div class=\"elementor-element elementor-element-999b155 e-flex e-con-boxed e-con e-parent\" data-id=\"999b155\" data-element_type=\"container\" data-e-type=\"container\">\n\t\t\t\t\t<div class=\"e-con-inner\">\n\t\t\t\t<div class=\"elementor-element elementor-element-473e6ef elementor-widget elementor-widget-heading\" data-id=\"473e6ef\" data-element_type=\"widget\" data-e-type=\"widget\" data-widget_type=\"heading.default\">\n\t\t\t\t\t<h2 class=\"elementor-heading-title elementor-size-default\">Imposici\u00f3n de Parches de la Operaci\u00f3n \u201cCacique Naiguat\u00e1\u201d al Personal Militar de la AMB<\/h2>\t\t\t\t<\/div>\n\t\t\t\t<div class=\"elementor-element elementor-element-726ecdd elementor-widget elementor-widget-text-editor\" data-id=\"726ecdd\" data-element_type=\"widget\" data-e-type=\"widget\" data-widget_type=\"text-editor.default\">\n\t\t\t\t\t\t\t\t\t<p style=\"text-align: justify;\"><strong>Caracas<b>\u00a0 20 de agosto de 2026 &#8211;<\/b><\/strong>Desde la rampa del Grupo A\u00e9reo de Operaciones Especiales N\u00b010, de la Base A\u00e9rea \u201cEl Libertador\u201d se llev\u00f3 a cabo la actividad con motivo a la imposici\u00f3n de parches al personal militar, que estuvieron involucrados en la operaci\u00f3n \u201cCacique Naiguat\u00e1\u201d. El acto estuvo presidido por el MG. Royman Hern\u00e1ndez Brice\u00f1o, Comandante General de la Aviaci\u00f3n Militar Bolivariana, GD. Francisco Zapata Linares, Segundo Comandante y Jefe del Estado Mayor, GD. Reinaldo Quintana D\u00edaz Inspector General y Oficiales Generales integrantes del componente aeroespacial.<\/p><p>Durante las jornadas posteriores al siniestro, la actuaci\u00f3n de la Fuerza Armada Nacional Bolivariana, fue fundamental para restablecer el orden, ejecutar labores de b\u00fasqueda y rescate en estructuras colapsadas, y canalizar el apoyo log\u00edstico y humanitario a las familias afectadas. Su presencia constante en el terreno no solo brind\u00f3 seguridad y atenci\u00f3n m\u00e9dica de emergencia, sino que represent\u00f3 la fortaleza y el compromiso inquebrantable de la instituci\u00f3n con la protecci\u00f3n del pueblo venezolano en sus momentos de mayor vulnerabilidad.<\/p><p>Portar hoy,\u00a0este parche en el uniforme es un recordatorio permanente de la resiliencia demostrada en La Guaira y del deber cumplido con honor. Al portarlo, rinden tributo a la memoria de las v\u00edctimas, y la esperanza de las vidas salvadas, as\u00ed reafirman la doctrina de uni\u00f3n c\u00edvico-militar que gu\u00eda nuestro actuar diariamente.<\/p>\t\t\t\t\t\t\t\t<\/div>\n\t\t\t\t\t<\/div>\n\t\t\t\t<\/div>\n\t\t<div class=\"elementor-element elementor-element-5d4d9ad e-flex e-con-boxed e-con e-parent\" data-id=\"5d4d9ad\" data-element_type=\"container\" data-e-type=\"container\">\n\t\t\t\t\t<div class=\"e-con-inner\">\n\t\t\t\t<div class=\"elementor-element elementor-element-2933da4 elementor-widget elementor-widget-image\" data-id=\"2933da4\" data-element_type=\"widget\" data-e-type=\"widget\" data-widget_type=\"image.default\">\n\t\t\t\t\t\t\t\t\t\t\t\t\t\t\t<img decoding=\"async\" width=\"1024\" height=\"771\" src=\"https:\/\/aviacion.mil.ve\/wp-content\/uploads\/2026\/08\/photo_4936224085759430435_y-1024x771.jpg\" class=\"attachment-large size-large wp-image-3547\" alt=\"\" srcset=\"https:\/\/aviacion.mil.ve\/wp-content\/uploads\/2026\/08\/photo_4936224085759430435_y-1024x771.jpg 1024w, https:\/\/aviacion.mil.ve\/wp-content\/uploads\/2026\/08\/photo_4936224085759430435_y-300x226.jpg 300w, https:\/\/aviacion.mil.ve\/wp-content\/uploads\/2026\/08\/photo_4936224085759430435_y-768x578.jpg 768w, https:\/\/aviacion.mil.ve\/wp-content\/uploads\/2026\/08\/photo_4936224085759430435_y.jpg 1280w\" sizes=\"(max-width: 1024px) 100vw, 1024px\" \/>\t\t\t\t\t\t\t\t\t\t\t\t\t\t\t<\/div>\n\t\t\t\t\t<\/div>\n\t\t\t\t<\/div>\n\t\t<div class=\"elementor-element elementor-element-96ba522 e-flex e-con-boxed e-con e-parent\" data-id=\"96ba522\" data-element_type=\"container\" data-e-type=\"container\">\n\t\t\t\t\t<div class=\"e-con-inner\">\n\t\t\t\t<div class=\"elementor-element elementor-element-cb1e2f8 elementor-widget elementor-widget-image\" data-id=\"cb1e2f8\" data-element_type=\"widget\" data-e-type=\"widget\" data-widget_type=\"image.default\">\n\t\t\t\t\t\t\t\t\t\t\t\t\t\t\t<img decoding=\"async\" width=\"1024\" height=\"771\" src=\"https:\/\/aviacion.mil.ve\/wp-content\/uploads\/2026\/08\/photo_4936224085759430438_y-1024x771.jpg\" class=\"attachment-large size-large wp-image-3549\" alt=\"\" srcset=\"https:\/\/aviacion.mil.ve\/wp-content\/uploads\/2026\/08\/photo_4936224085759430438_y-1024x771.jpg 1024w, https:\/\/aviacion.mil.ve\/wp-content\/uploads\/2026\/08\/photo_4936224085759430438_y-300x226.jpg 300w, https:\/\/aviacion.mil.ve\/wp-content\/uploads\/2026\/08\/photo_4936224085759430438_y-768x578.jpg 768w, https:\/\/aviacion.mil.ve\/wp-content\/uploads\/2026\/08\/photo_4936224085759430438_y.jpg 1280w\" sizes=\"(max-width: 1024px) 100vw, 1024px\" \/>\t\t\t\t\t\t\t\t\t\t\t\t\t\t\t<\/div>\n\t\t\t\t\t<\/div>\n\t\t\t\t<\/div>\n\t\t\t\t<\/div>\n\t\t","protected":false},"excerpt":{"rendered":"<p>Imposici\u00f3n de Parches de la Operaci\u00f3n \u201cCacique Naiguat\u00e1\u201d al Personal Militar de la AMB Caracas\u00a0 20 de agosto de 2026 [&hellip;]<\/p>\n","protected":false},"author":1,"featured_media":0,"parent":0,"menu_order":0,"comment_status":"closed","ping_status":"closed","template":"","meta":{"site-sidebar-layout":"no-sidebar","site-content-layout":"","ast-site-content-layout":"full-width-container","site-content-style":"default","site-sidebar-style":"default","ast-global-header-display":"","ast-banner-title-visibility":"","ast-main-header-display":"","ast-hfb-above-header-display":"","ast-hfb-below-header-display":"","ast-hfb-mobile-header-display":"","site-post-title":"disabled","ast-breadcrumbs-content":"","ast-featured-img":"disabled","footer-sml-layout":"","ast-disable-related-posts":"","theme-transparent-header-meta":"","adv-header-id-meta":"","stick-header-meta":"","header-above-stick-meta":"","header-main-stick-meta":"","header-below-stick-meta":"","astra-migrate-meta-layouts":"default","ast-page-background-enabled":"default","ast-page-background-meta":{"desktop":{"background-color":"var(--ast-global-color-5)","background-image":"","background-repeat":"repeat","background-position":"center center","background-size":"auto","background-attachment":"scroll","background-type":"","background-media":"","overlay-type":"","overlay-color":"","overlay-opacity":"","overlay-gradient":""},"tablet":{"background-color":"","background-image":"","background-repeat":"repeat","background-position":"center center","background-size":"auto","background-attachment":"scroll","background-type":"","background-media":"","overlay-type":"","overlay-color":"","overlay-opacity":"","overlay-gradient":""},"mobile":{"background-color":"","background-image":"","background-repeat":"repeat","background-position":"center center","background-size":"auto","background-attachment":"scroll","background-type":"","background-media":"","overlay-type":"","overlay-color":"","overlay-opacity":"","overlay-gradient":""}},"ast-content-background-meta":{"desktop":{"background-color":"var(--ast-global-color-4)","background-image":"","background-repeat":"repeat","background-position":"center center","background-size":"auto","background-attachment":"scroll","background-type":"","background-media":"","overlay-type":"","overlay-color":"","overlay-opacity":"","overlay-gradient":""},"tablet":{"background-color":"var(--ast-global-color-4)","background-image":"","background-repeat":"repeat","background-position":"center center","background-size":"auto","background-attachment":"scroll","background-type":"","background-media":"","overlay-type":"","overlay-color":"","overlay-opacity":"","overlay-gradient":""},"mobile":{"background-color":"var(--ast-global-color-4)","background-image":"","background-repeat":"repeat","background-position":"center center","background-size":"auto","background-attachment":"scroll","background-type":"","background-media":"","overlay-type":"","overlay-color":"","overlay-opacity":"","overlay-gradient":""}},"_themeisle_gutenberg_block_has_review":false,"footnotes":""},"class_list":["post-1389","page","type-page","status-publish","hentry"],"_links":{"self":[{"href":"https:\/\/aviacion.mil.ve\/index.php\/wp-json\/wp\/v2\/pages\/1389","targetHints":{"allow":["GET"]}}],"collection":[{"href":"https:\/\/aviacion.mil.ve\/index.php\/wp-json\/wp\/v2\/pages"}],"about":[{"href":"https:\/\/aviacion.mil.ve\/index.php\/wp-json\/wp\/v2\/types\/page"}],"author":[{"embeddable":true,"href":"https:\/\/aviacion.mil.ve\/index.php\/wp-json\/wp\/v2\/users\/1"}],"replies":[{"embeddable":true,"href":"https:\/\/aviacion.mil.ve\/index.php\/wp-json\/wp\/v2\/comments?post=1389"}],"version-history":[{"count":65,"href":"https:\/\/aviacion.mil.ve\/index.php\/wp-json\/wp\/v2\/pages\/1389\/revisions"}],"predecessor-version":[{"id":3573,"href":"https:\/\/aviacion.mil.ve\/index.php\/wp-json\/wp\/v2\/pages\/1389\/revisions\/3573"}],"wp:attachment":[{"href":"https:\/\/aviacion.mil.ve\/index.php\/wp-json\/wp\/v2\/media?parent=1389"}],"curies":[{"name":"wp","href":"https:\/\/api.w.org\/{rel}","templated":true}]}}

<div data-elementor-type="wp-page" data-elementor-id="1389" class="elementor elementor-1389" data-elementor-post-type="page">
				<div class="elementor-element elementor-element-c4a1185 e-flex e-con-boxed e-con e-parent" data-id="c4a1185" data-element_type="container" data-e-type="container">
					<div class="e-con-inner">
				<div class="elementor-element elementor-element-04b7788 elementor-widget elementor-widget-image" data-id="04b7788" data-element_type="widget" data-e-type="widget" data-widget_type="image.default">
															<img fetchpriority="high" decoding="async" width="1024" height="771" src="https://aviacion.mil.ve/wp-content/uploads/2026/08/photo_4936224085759430434_y-1024x771.jpg" class="attachment-large size-large wp-image-3545" alt="" srcset="https://aviacion.mil.ve/wp-content/uploads/2026/08/photo_4936224085759430434_y-1024x771.jpg 1024w, https://aviacion.mil.ve/wp-content/uploads/2026/08/photo_4936224085759430434_y-300x226.jpg 300w, https://aviacion.mil.ve/wp-content/uploads/2026/08/photo_4936224085759430434_y-768x578.jpg 768w, https://aviacion.mil.ve/wp-content/uploads/2026/08/photo_4936224085759430434_y.jpg 1280w" sizes="(max-width: 1024px) 100vw, 1024px" />															</div>
					</div>
				</div>
		<div class="elementor-element elementor-element-999b155 e-flex e-con-boxed e-con e-parent" data-id="999b155" data-element_type="container" data-e-type="container">
					<div class="e-con-inner">
				<div class="elementor-element elementor-element-473e6ef elementor-widget elementor-widget-heading" data-id="473e6ef" data-element_type="widget" data-e-type="widget" data-widget_type="heading.default">
					<h2 class="elementor-heading-title elementor-size-default">Imposición de Parches de la Operación “Cacique Naiguatá” al Personal Militar de la AMB</h2>				</div>
				<div class="elementor-element elementor-element-726ecdd elementor-widget elementor-widget-text-editor" data-id="726ecdd" data-element_type="widget" data-e-type="widget" data-widget_type="text-editor.default">
									<p style="text-align: justify;"><strong>Caracas<b>  20 de agosto de 2026 &#8211;</b></strong>Desde la rampa del Grupo Aéreo de Operaciones Especiales N°10, de la Base Aérea “El Libertador” se llevó a cabo la actividad con motivo a la imposición de parches al personal militar, que estuvieron involucrados en la operación “Cacique Naiguatá”. El acto estuvo presidido por el MG. Royman Hernández Briceño, Comandante General de la Aviación Militar Bolivariana, GD. Francisco Zapata Linares, Segundo Comandante y Jefe del Estado Mayor, GD. Reinaldo Quintana Díaz Inspector General y Oficiales Generales integrantes del componente aeroespacial.</p><p>Durante las jornadas posteriores al siniestro, la actuación de la Fuerza Armada Nacional Bolivariana, fue fundamental para restablecer el orden, ejecutar labores de búsqueda y rescate en estructuras colapsadas, y canalizar el apoyo logístico y humanitario a las familias afectadas. Su presencia constante en el terreno no solo brindó seguridad y atención médica de emergencia, sino que representó la fortaleza y el compromiso inquebrantable de la institución con la protección del pueblo venezolano en sus momentos de mayor vulnerabilidad.</p><p>Portar hoy, este parche en el uniforme es un recordatorio permanente de la resiliencia demostrada en La Guaira y del deber cumplido con honor. Al portarlo, rinden tributo a la memoria de las víctimas, y la esperanza de las vidas salvadas, así reafirman la doctrina de unión cívico-militar que guía nuestro actuar diariamente.</p>								</div>
					</div>
				</div>
		<div class="elementor-element elementor-element-5d4d9ad e-flex e-con-boxed e-con e-parent" data-id="5d4d9ad" data-element_type="container" data-e-type="container">
					<div class="e-con-inner">
				<div class="elementor-element elementor-element-2933da4 elementor-widget elementor-widget-image" data-id="2933da4" data-element_type="widget" data-e-type="widget" data-widget_type="image.default">
															<img decoding="async" width="1024" height="771" src="https://aviacion.mil.ve/wp-content/uploads/2026/08/photo_4936224085759430435_y-1024x771.jpg" class="attachment-large size-large wp-image-3547" alt="" srcset="https://aviacion.mil.ve/wp-content/uploads/2026/08/photo_4936224085759430435_y-1024x771.jpg 1024w, https://aviacion.mil.ve/wp-content/uploads/2026/08/photo_4936224085759430435_y-300x226.jpg 300w, https://aviacion.mil.ve/wp-content/uploads/2026/08/photo_4936224085759430435_y-768x578.jpg 768w, https://aviacion.mil.ve/wp-content/uploads/2026/08/photo_4936224085759430435_y.jpg 1280w" sizes="(max-width: 1024px) 100vw, 1024px" />															</div>
					</div>
				</div>
		<div class="elementor-element elementor-element-96ba522 e-flex e-con-boxed e-con e-parent" data-id="96ba522" data-element_type="container" data-e-type="container">
					<div class="e-con-inner">
				<div class="elementor-element elementor-element-cb1e2f8 elementor-widget elementor-widget-image" data-id="cb1e2f8" data-element_type="widget" data-e-type="widget" data-widget_type="image.default">
															<img decoding="async" width="1024" height="771" src="https://aviacion.mil.ve/wp-content/uploads/2026/08/photo_4936224085759430438_y-1024x771.jpg" class="attachment-large size-large wp-image-3549" alt="" srcset="https://aviacion.mil.ve/wp-content/uploads/2026/08/photo_4936224085759430438_y-1024x771.jpg 1024w, https://aviacion.mil.ve/wp-content/uploads/2026/08/photo_4936224085759430438_y-300x226.jpg 300w, https://aviacion.mil.ve/wp-content/uploads/2026/08/photo_4936224085759430438_y-768x578.jpg 768w, https://aviacion.mil.ve/wp-content/uploads/2026/08/photo_4936224085759430438_y.jpg 1280w" sizes="(max-width: 1024px) 100vw, 1024px" />															</div>
					</div>
				</div>
				</div>

<p>Imposición de Parches de la Operación “Cacique Naiguatá” al Personal Militar de la AMB Caracas  20 de agosto de 2026 [&hellip;]</p>
